e 6, what is -35 - -440?
401
In base 15, what is -2e4c3 + -4?
-2e4c7
In base 15, what is 541 + -39?
507
In base 14, what is -46b - -6?
-465
In base 2, what is -100100101001 + -10010?
-100100111011
In base 6, what is -44334 - 11?
-44345
In base 5, what is -10134023 + 1?
-10134022
In base 13, what is 4 - 36a6?
-36a2
In base 11, what is -1 + -2197?
-2198
In base 5, what is 100403 - -1301?
102204
In base 5, what is -1020 + -23423?
-24443
In base 7, what is 32412 - 1?
32411
In base 2, what is 1110111110000000 - -100110?
1110111110100110
In base 10, what is -356671 - 1?
-356672
In base 14, what is -352 + 1d?
-333
In base 2, what is 101001000101111000 - -10?
101001000101111010
In base 3, what is 20121010 + -1120?
20112120
In base 2, what is 1110111100 + -11101010?
1011010010
In base 8, what is -2020331 - -5?
-2020324
In base 7, what is 1 + -346344?
-346343
In base 11, what is 11a3737 + -3?
11a3734
In base 12, what is -89 + 5b1?
524
In base 16, what is -4 + 3bc?
3b8
In base 13, what is 81b88 + 6?
81b91
In base 14, what is 1 + -1448?
-1447
In base 5, what is -14244 - -3314?
-10430
In base 6, what is 3 - -520503?
520510
In base 4, what is 3 + 1203132?
1203201
In base 9, what is 4 - -2547?
2552
In base 2, what is 1000111 + 100101001001?
100110010000
In base 6, what is -3 - 115310?
-115313
In base 2, what is -101000100100 - 101?
-101000101001
In base 14, what is 225 + -30?
1d5
In base 3, what is -12201010210111 + -10?
-12201010210121
In base 12, what is -2766 + -19?
-2783
In base 8, what is 122 + 2043?
2165
In base 8, what is 112 - -14?
126
In base 11, what is 46260 - 2?
46259
In base 7, what is 15 + -45304?
-45256
In base 2, what is -1001100000001000 + 10?
-1001100000000110
In base 3, what is 1 + -2110221101010?
-2110221101002
In base 10, what is -2432 - 0?
-2432
In base 2, what is -100101000101101 - -11101010?
-100100101000011
In base 6, what is 125 - 104044?
-103515
In base 2, what is 10110011 - -1011111?
100010010
In base 7, what is 3 + 121624?
121630
In base 13, what is 1a8 + -29?
17c
In base 10, what is -186 - -1737?
1551
In base 9, what is 2 + -257083?
-257081
In base 4, what is 303231031 - -13?
303231110
In base 5, what is 2422222 + 222?
2422444
In base 9, what is -15526 - 3?
-15530
In base 4, what is 21133331113 + 11?
21133331130
In base 12, what is 64892 + 5?
64897
In base 11, what is -583 - 1aa5?
-2578
In base 3, what is 2111 - 210010121?
-210001010
In base 6, what is -244 - 204324?
-205012
In base 8, what is -57 - 1613?
-1672
In base 6, what is -13455 + 3?
-13452
In base 8, what is 1114 - 2?
1112
In base 14, what is -1681b + 0?
-1681b
In base 14, what is -1058 - 45?
-109d
In base 13, what is 109 - 4b0?
-3a4
In base 5, what is 13303 - 304?
12444
In base 12, what is 5 - -5046b?
50474
In base 11, what is 0 + 37238?
37238
In base 16, what is 1 - 2594f?
-2594e
In base 10, what is 98 + 721?
819
In base 6, what is 13522241 + 4?
13522245
In base 14, what is a - 1bb2d?
-1bb23
In base 11, what is -11a67 + 1?
-11a66
In base 11, what is -1776 + 221?
-1555
In base 7, what is -332 - 1001?
-1333
In base 2, what is -101001 - 101111100?
-110100101
In base 4, what is -1100121330 - 2?
-1100121332
In base 3, what is 12012011 + 101?
12012112
In base 3, what is -10122111220 + -11?
-10122112001
In base 9, what is 30631 + 12?
30643
In base 5, what is -10 - -231211?
231201
In base 9, what is -53 - 100?
-153
In base 14, what is -588c50 - 4?
-588c54
In base 8, what is 1 - -47257?
47260
In base 11, what is -618 - 3a9?
-a16
In base 3, what is 12121122021 + -11?
12121122010
In base 5, what is -4043 + 1110?
-2433
In base 2, what is -1110111011 - -100011?
-1110011000
In base 13, what is -187 + 7bc1?
7a37
In base 7, what is 243044 + -150?
242564
In base 10, what is 924 - -1213?
2137
In base 15, what is 513c - -5?
5142
In base 3, what is 22102 - -21211?
121020
In base 15, what is -5 - -e0?
da
In base 7, what is -5 - -10305501?
10305463
In base 5, what is 320110 + -10?
320100
In base 2, what is -1101110011110 + 110?
-1101110011000
In base 2, what is 110010 + 101111000?
110101010
In base 10, what is 25197 + 5?
25202
In base 4, what is -10 - -202102001?
202101331
In base 14, what is -5 + 96938?
96933
In base 13, what is 7 - -119c9?
11a03
In base 14, what is -5d2a + 1c?
-5d0c
In base 15, what is -3 - -1d67?
1d64
In base 7, what is -1 + -516314?
-516315
In base 15, what is -514 - -9?
-50a
In base 2, what is -11010000000001 + -100?
-11010000000101
In base 8, what is -314765 - -2?
-314763
In base 9, what is -11746 + 15?
-11731
In base 2, what is -11 - -100010010110100?
100010010110001
In base 14, what is 0 - -d5b6?
d5b6
In base 13, what is 1 - 260a22?
-260a21
In base 13, what is -110 - -227?
117
In base 14, what is -50 - 10c6?
-1136
In base 9, what is 218 - 256?
-37
In base 5, what is 31 + 20414001?
20414032
In base 3, what is 2021121 - 1220?
2012201
In base 10, what is -6 - 98867?
-98873
In base 3, what is -21101110 + 10?
-21101100
In base 8, what is -34 + -50515?
-50551
In base 12, what is -3255 - -479?
-2998
In base 13, what is 17 - -5381?
5398
In base 2, what is -111111010 + 11000011?
-100110111
In base 7, what is -21431 + 120?
-21311
In base 15, what is -727c4 - -5?
-727be
In base 2, what is 101001011100 + -111001?
101000100011
In base 5, what is 2444220 + -142?
2444023
In base 6, what is -1402 + -22322?
-24124
In base 8, what is 1245 - -2704?
4151
In base 14, what is 8a4 - -1bc?
a82
In base 12, what is -6 - -b0a9?
b0a3
In base 6, what is -51520411 + 4?
-51520403
In base 16, what is 27 - 294?
-26d
In base 3, what is 201202010 + -12022?
201112211
In base 6, what is 4 - 332314?
-332310
In base 9, what is 173886 + 46?
174043
In base 10, what is 2329898 + 1?
2329899
In base 7, what is 2542 - 332?
2210
In base 8, what is 470 - 140?
330
In base 3, what is -210102 + 1211?
-201121
In base 2, what is 111 + 111001000111001?
111001001000000
In base 2, what is 0 + 100100110100010?
100100110100010
In base 4, what is -1103012111 - -1?
-1103012110
In base 5, what is -11213 - 3111?
-14324
In base 16, what is -135be + -1?
-135bf
In base 10, what is 344 - -1?
345
In base 4, what is -2111002 + 1000?
-2110002
In base 15, what is 6 + 30a9d?
30aa4
In base 11, what is 107142 + -3?
10713a
In base 3, what is -221 + -1221112?
-1222110
In base 3, what is -10101200 + 11?
-10101112
In base 12, what is -15 + b9?
a4
In base 8, what is -2 + -3357277?
-3357301
In base 2, what is 11011 + -11011110?
-11000011
In base 6, what is 143503415 + 1?
143503420
In base 5, what is 24 + -4041434?
-4041410
In base 7, what is -463 + -3600?
-4363
In base 6, what is -4 + -103025?
-103033
In base 8, what is 0 - -237346?
237346
In base 12, what is -70 - 3a5?
-455
In base 9, what is 510001 - 2?
508888
In base 16, what is 2c2 - -aba?
d7c
In base 10, what is -174 + 1806?
1632
In base 14, what is 24134 + -8?
2412a
In base 15, what is -6 + -c3c?
-c43
In base 12, what is -14 - -1274b0?
127498
In base 16, what is -1199 - df?
-1278
In base 2, what is -1110010 - -100111011000?
100101100110
In base 7, what is -4 - -1045536?
1045532
In base 16, what is -66f + 0?
-66f
In base 12, what is -20 - 1726?
-1746
In base 2, what is -11101101 - -1111000111?
1011011010
In base 7, what is -1051 + 5?
-1043
In base 7, what is 1053443 - 0?
1053443
In base 7, what is -1 + 5346364?
5346363
In base 14, what is -4 - -4450a?
44506
In base 2, what is -1100001110011011 - 0?
-1100001110011011
In base 5, what is -14 - -2432224?
2432210
In base 16, what is -cdbc + a?
-cdb2
In base 11, what is 3 + 96191?
96194
In base 11, what is -16 - 1116?
-1131
In base 11, what is 48079 + 23?
480a1
In base 4, what is -13031013 + 11?
-13031002
In base 4, what is -2230313021 + 11?
-2230313010
In base 6, what is 2110 + -35523?
-33413
In base 11, what is -1235 - 110?
-1345
In base 5, what is 2 + 1401423?
1401430
In base 14, what is 9 + -83c9?
-83c0
In base 11, what is -4a435a + 5?
-4a4355
In base 16, what is 0 - 59258?
-59258
In base 7, what is -14556122 - -2?
-14556120
In base 14, what is 1 + 145d8?
145d9
In base 4, what is 210032311 - 11?
210032300
In base 5, what is 13241111 + 1?
13241112
In base 6, what is -5 - -133330?
133321
In base 2, what is 1001011110100011110 + 1?
1001011110100011111
In base 8, what is 16426 + 23?
16451
In base 3, what is -12 - -1211121?
1211102
In bas